4/12 + 3*s**2. Let c(i) be the second derivative of d(i). List the prime factors of c(6).
2, 5
Suppose -y - 2*y + 21 = 0. Let x = y + -4. Suppose 0 = -4*f + x*f + 12. List the prime factors of f.
2, 3
Let p = 25 - 7. Let z(w) = 6*w**2 + 6*w. Let q be z(-4). Suppose 5*x - p - q = 0. What are the prime factors of x?
2, 3
Let a(v) = 2*v + 3. Let m be a(-6). What are the prime factors of (m - 1)/((-1)/2)?
2, 5
Let s(q) = q**2 - 11*q + 11. Let v be s(10). Let p be v + 2 + 0/(-1). Suppose 19 - 61 = -p*l - 3*t, -3*l + 24 = -3*t. What are the prime factors of l?
11
Let k(d) be the third derivative of 0 - 1/120*d**6 - d**2 - 2/3*d**3 + 2/15*d**5 + 0*d + 1/12*d**4. List the prime factors of k(8).
2, 3
Suppose -4*r = s - 1 - 15, -8 = -5*s - 2*r. Suppose 5*m - 3*m = -5*g + 4, s = 3*g. What are the prime factors of m?
2
Let p = 23 + -18. Let f(z) = -z**2 + 8*z - 3. List the prime factors of f(p).
2, 3
Let g(j) = 3*j**3 + 8*j - 4. What are the prime factors of g(4)?
2, 5, 11
Suppose 2*m + 8 = 0, 122 = -2*s - m + 470. What are the prime factors of s?
2, 11
Let q be 12/8 - (-18)/4. Suppose q*m = 7*m. Suppose -3*c = 3*y - 6*c - 54, c = m. What are the prime factors of y?
2, 3
Let k(j) = -4*j**2 - 2*j + 5. Let a(l) = -l**2 + l + 1. Let b(p) = 3*a(p) - k(p). Let d be b(-6). Let g = d - 0. List the prime factors of g.
2
Let u = -5 + 8. Suppose t + 2 = -0, -5*l - 4*t - u = 0. What are the prime factors of 3/3 + l + 1?
3
Suppose -u - 1 + 9 = -b, u + 2*b = 2. What are the prime factors of (-1 - 2)/((-2)/u)?
3
Let f(z) = -2*z**3 + 0 - z**2 + 2*z + 4 + z**3. Let x be f(-4). Suppose -j = 3*j - x. List the prime factors of j.
11
Suppose 4*w - 140 = 48. List the prime factors of w.
47
Let f(y) = -y**2 + 5*y - 2. Let d be f(3). Suppose d*o - 13 = -5*m, 4*m + 2 = 6. Suppose -w - 23 = -o*w. What are the prime factors of w?
23
Let q = 3 - -1. List the prime factors of (-4 - 0) + q + 51.
3, 17
Let g = -9 + 3. Suppose r - 3*r - 16 = 0. Let f = g - r. What are the prime factors of f?
2
Let s = 18 + -9. What are the prime factors of 2/(-3) + 114/s?
2, 3
List the prime factors of (87 - 0)*5*24/90.
2, 29
Let k = 145 + -121. List the prime factors of k.
2, 3
Let v(y) = y**3 + 19*y**2 + 15*y + 24. What are the prime factors of v(-18)?
2, 3, 13
Suppose 0 = -4*t + 82 + 46. List the prime factors of t.
2
Let c be 1/((5/(-46))/(-5)). Let y = -33 + c. List the prime factors of y.
13
List the prime factors of (7*19)/(4 + (0 - 3)).
7, 19
Let v(l) = l**2 + 3*l - 1. List the prime factors of v(4).
3
Let x = 127 - 87. Let c be 6/5*x/(-6). What are the prime factors of c/(-12)*(-9)/(-2)?
3
Suppose 0*d = 2*d + 18. Let i be 3/d + (-146)/(-6). Suppose h + i = 3*h. What are the prime factors of h?
2, 3
Let p(b) = 3*b**2 + 3*b - 1. Let l be ((-4)/3)/((-8)/12). List the prime factors of p(l).
17
Let s(t) = t**2 - 10*t + 3. Let a be s(10). Suppose 4*d - 25 - 27 = 0. Suppose d - a = b. List the prime factors of b.
2, 5
Let u(a) = -5*a**2 + 6*a - 2 + 7 + 0 - a**3. Let o be u(-6). Suppose 2*z = 6*z + 12, -3*q - o*z + 3 = 0. What are the prime factors of q?
2, 3
Let c(m) = 14*m. What are the prime factors of c(3)?
2, 3, 7
Suppose r + 3*i = 2*r - 93, 0 = 3*r - 2*i - 251. List the prime factors of r.
3
What are the prime factors of -4 + (3 - (-84)/1)?
83
Suppose -3*t = f + 58, -4*t - t = -f + 86. List the prime factors of (2/3)/((-2)/t).
2, 3
Suppose 10 = 3*l + 2*l. Let r = 7 - l. List the prime factors of r.
5
Suppose 3*k = 5*m + 4*k - 149, 0 = -5*m + 2*k + 152. List the prime factors of m.
2, 3, 5
Suppose 4*l = 5*v + 1 - 85, -v + 4*l = -20. List the prime factors of v.
2
Suppose 0 = 5*o - 13 - 107. What are the prime factors of o?
2, 3
Let l be -8*((-1)/(-2))/(-1). Let v be l/6*33/2. Suppose 5 = 4*p - v. What are the prime factors of p?
2
Suppose -4*q - 61 = -3*p, -3*q + 46 + 46 = 5*p. List the prime factors of p.
19
Let p(t) be the first derivative of t**3/3 + t**2 + 5*t + 1. What are the prime factors of p(-4)?
13
Let u be 2/6 + (-56)/6. Let t(d) = -2*d - 5. What are the prime factors of t(u)?
13
Suppose 18 = 5*a - 7. Suppose 0 = -a*h + 5*s - 9 + 54, 0 = -h - 2*s + 6. What are the prime factors of h?
2
Suppose 2 = 3*i - 4, -i = -v - 6. Let o = v + 6. List the prime factors of (1 + 3)/(o/7).
2, 7
Let m = -6 + 10. What are the prime factors of (m/(-8))/(3/(-174))?
29
Let f(n) be the second derivative of -n**4/12 - 4*n**3/3 + 6*n**2 - n. What are the prime factors of f(-9)?
3
Let y be -5 + 5 - (-5 + 1). Suppose 0*s + y*s = 32. List the prime factors of s.
2
Let q = 13 - -1. Suppose -u - u + q = 0. What are the prime factors of u?
7
Let y = -2 - 3. Let p(f) = -5*f - 2. List the prime factors of p(y).
23
Suppose q = 4*q - 60. Suppose 0 = -5*b - u + 13, b - q = -5*u - 3. Suppose -2*c = 4*k, 4*k = -3*c + b + 2. List the prime factors of c.
2
Let n = -32 + 102. What are the prime factors of n?
2, 5, 7
Suppose 2*s + 5 = -3, 0 = -2*l - 2*s - 8. Suppose 0 = 4*v - l*v - 60. What are the prime factors of v?
3, 5
Let i(d) = d**2 - 7*d + 8. Suppose 1 = o - 1. Let m be 1 - (-1*o + -4). List the prime factors of i(m).
2
Let h(y) = -47*y**2 - 2*y - 1. Let v be h(3). Let t be v/(-14) + 6/21. Suppose 2*j + 7 = t. What are the prime factors of j?
2, 3
Let z(w) = w + 9. Let g be z(0). Suppose 4*t + t + 2*o = -5, 2*o + g = -t. Suppose 0 = r + t, -3*d + 6 + 6 = 3*r. List the prime factors of d.
5
Let w(h) = 3*h - 7. Let q(o) = o - 1. Let p(c) = -2*q(c) + w(c). Let g be p(5). Suppose -3*a + 36 = -g*a. What are the prime factors of a?
2, 3
Let d = -12 + 32. Let g = d - 18. What are the prime factors of g?
2
Suppose 4*u - 80 = -u. List the prime factors of u.
2
Suppose 0 = n + 3*n + 12. Let a be n/3 - -3*11. Suppose 0 = 4*i - 4*y - a, y - 14 = -i + 5*y. List the prime factors of i.
2, 3
Let j(v) = -5*v. Let x(n) = n + 3. Suppose -25 = 5*f - 5*a, a + 5 + 2 = -2*f. Let b be x(f). What are the prime factors of j(b)?
5
What are the prime factors of 15 + -5 + 2 - 5?
7
Suppose -7*i = -2*i. Suppose -z + 8 = z, 2*x + z + 6 = i. Let a = 7 + x. List the prime factors of a.
2
Let l = 0 + -3. Let b be 10/8 + l/(-4). Suppose -b*p + 23 = 5*r, -4*p + 27 = 5*r - 14. What are the prime factors of p?
3
Let l = 17 + 37. List the prime factors of l.
2, 3
Suppose -4 = -m - 1. Let k = m + 4. Suppose -51 = -4*n - k. List the prime factors of n.
11
Let b(x) = -x**3 - 13*x**2 + 13*x - 14. Let h be b(-14). Suppose -3*m + 120 = 4*y, -97 = -3*y - 4*m - h*m. What are the prime factors of y?
3
Suppose -3*o + 80 = -o. Suppose -t - o = -5*g - 0*t, 0 = -2*g + 5*t + 39. List the prime factors of g.
7
Let h(q) = -4*q**2 - 6*q - 7. Let s(g) = -9*g**2 - 12*g - 15. Let y(v) = -7*h(v) + 3*s(v). Let f be y(-5). List the prime factors of -3 + 3 - (-12 - f).
11
Suppose 3*d = 5*n - 3*n + 72, d - 10 = -4*n. What are the prime factors of d?
2, 11
Suppose -28 = 5*m - 2*u, 5 = -2*m + u - 7. Let x = 5 + m. Suppose b - x = 8. What are the prime factors of b?
3
Let j be 120/(-18) - 4/(-6). Let p = j + 6. Suppose p = -0*b + 2*b - 16. List the prime factors of b.
2
Suppose -8*i = 2*y - 4*i - 16, 0 = -y + 5*i - 13. Suppose l = -y*l + 96. What are the prime factors of l?
2
Suppose 3*s - 16 = -s. Suppose s*n = p + 31, -2*n = n + p - 18. Let b = -5 + n. List the prime factors of b.
2
Let f(n) be the third derivative of n**6/120 - 7*n**5/60 + n**4/24 + 7*n**3/6 + 2*n**2. Let j be f(7). What are the prime factors of j/(-4)*(-2)/1?
7
Let u = -1 + -1. Let x be 2 - (1 - 8/2). Let w = x - u. What are the prime factors of w?
7
Suppose 3*n = -3*z + n - 4, 0 = -4*z + 2*n + 18. Let w = z - 0. What are the prime factors of w?
2
Suppose -f - 3*t = -10, 5*f - 50 = t + 3*t. What are the prime factors of f?
2, 5
Suppose 16 - 1 = s. Suppose -2*n = -d + s, -3*n + 5*n - 5*d = -35. Let h = 3 - n. List the prime factors of h.
2
Let g = 15 - 7. Suppose 0 = -5*c - 5*q + 68 - g, -2*c = -5*q + 4. List the prime factors of c.
2
Let c = 6 - 5. Suppose -11 - c = -o. List the prime factors of o.
2, 3
Let a be (4 - 3)/(2/12). List the prime factors of (a/(-15))/((-2)/10).
2
Suppose 0 = -4*b + 3*s + 34, -3*b + 4*s + 31 = -s. Let f = b - 4. Suppose -28 = -n - f*x - 11, x = 3*n - 31. What are the prime factors of n?
11
Suppose -2*p = 3*s - 11, -3 = -2*p + s + 4*s. Suppose 71 = p*i - 73. Let c = -23 + i. What a